prime?
False
Is 270532357 composite?
True
Is 43222393 a composite number?
True
Is 44041387 a prime number?
False
Is 26990771 prime?
False
Is 68837389 prime?
True
Is 27613171 a prime number?
True
Is 59286071 a prime number?
False
Is 129877607 composite?
False
Is 5120333 prime?
True
Is 354470903 a composite number?
False
Is 28260289 a composite number?
True
Is 310329529 a composite number?
True
Is 3275719 a composite number?
False
Is 3153119 a composite number?
True
Is 13831141 a composite number?
True
Is 3725113 prime?
False
Is 1638053 a prime number?
True
Is 6746483 a composite number?
False
Is 5088917 a composite number?
False
Is 134267 a composite number?
True
Is 8018349 prime?
False
Is 188557 a prime number?
False
Is 1280538161 a prime number?
False
Is 11835595 prime?
False
Is 63737 composite?
False
Is 10039079 a composite number?
True
Is 373498799 a composite number?
False
Is 79601143 prime?
False
Is 116551283 a composite number?
True
Is 8079341 a composite number?
False
Is 10270139 a composite number?
True
Is 466820713 prime?
True
Is 35258537 prime?
True
Is 205987 composite?
True
Is 320291 prime?
True
Is 940607 composite?
False
Is 13660499 a composite number?
False
Is 119300267 composite?
True
Is 61799 composite?
True
Is 216900113 a prime number?
True
Is 894022 a composite number?
True
Is 1144658 prime?
False
Is 2746381 a composite number?
True
Is 39286171 a composite number?
False
Is 9207823 a composite number?
False
Is 87254467 a prime number?
False
Is 20449273 a composite number?
True
Is 1430411 composite?
True
Is 1993601 composite?
False
Is 1654817 prime?
True
Is 30730589 a composite number?
True
Is 3363673 a composite number?
False
Is 683071 a composite number?
False
Is 51960277 a prime number?
True
Is 128459467 a composite number?
False
Is 8656051 a composite number?
True
Is 8034973 a prime number?
True
Is 242815 a prime number?
False
Is 116368801 a composite number?
False
Is 1962041 prime?
True
Is 2424043 prime?
False
Is 12313471 composite?
True
Is 49556089 a prime number?
False
Is 68709821 prime?
True
Is 165928199 a composite number?
False
Is 269681959 a prime number?
True
Is 2258903 composite?
False
Is 790633 prime?
True
Is 44652871 a prime number?
False
Is 9051967 prime?
True
Is 515779 a composite number?
True
Is 75208699 a prime number?
True
Is 6641143 a composite number?
False
Is 718495 a composite number?
True
Is 645871 a composite number?
True
Is 30551849 a prime number?
False
Is 2778269 composite?
True
Is 74227061 a prime number?
True
Is 7216711 composite?
False
Is 38459009 composite?
False
Is 72332779 prime?
True
Is 301579 a prime number?
True
Is 233526977 prime?
False
Is 127469869 composite?
True
Is 82706227 prime?
False
Is 829951 a composite number?
True
Is 6983017 a prime number?
True
Is 26479 composite?
False
Is 2821957 a composite number?
False
Is 347773417 prime?
True
Is 533959 a prime number?
True
Is 218217 prime?
False
Is 29899594 prime?
False
Is 5295757 a prime number?
True
Is 1752401 prime?
False
Is 18888503 a prime number?
False
Is 105524807 composite?
False
Is 324094703 prime?
False
Is 5525417 a prime number?
True
Is 308027 a prime number?
True
Is 13078694 a composite number?
True
Is 1816781 a composite number?
True
Is 302615647 a composite number?
False
Is 27376577 prime?
True
Is 7475723 a composite number?
False
Is 119558015 a prime number?
False
Is 47565209 prime?
True
Is 1931311 prime?
False
Is 985139 prime?
False
Is 66724601 composite?
False
Is 32733509 a composite number?
False
Is 184823 a composite number?
False
Is 8353 prime?
True
Is 10388369 a prime number?
False
Is 121724627 a composite number?
False
Is 223907 a prime number?
False
Is 788617 composite?
True
Is 2531117 a composite number?
False
Is 1309571 composite?
False
Is 1760879 prime?
False
Is 166451 prime?
False
Is 689551 prime?
True
Is 366822403 prime?
False
Is 10491955 a composite number?
True
Is 77892727 a composite number?
True
Is 2854777 prime?
False
Is 56438897 prime?
True
Is 4154443 prime?
False
Is 8954083 composite?
False
Is 2064527377 composite?
True
Is 217967327 prime?
True
Is 9123113 composite?
True
Is 169374809 prime?
True
Is 52104477 prime?
False
Is 15839111 a prime number?
False
Is 541454599 a prime number?
False
Is 275043881 prime?
False
Is 817367 a prime number?
False
Is 239432309 composite?
False
Is 5711 a composite number?
False
Is 74407778 composite?
True
Is 132892307 a prime number?
True
Is 70800343 a prime number?
True
Is 13498579 composite?
False
Is 416172007 a prime number?
False
Is 4029683 a prime number?
False
Is 26232763 a prime number?
False
Is 23634487 a prime number?
True
Is 151068703 a composite number?
False
Is 1924233 a prime number?
False
Is 14337737 a prime number?
False
Is 95581 composite?
False
Is 4218899 a prime number?
True
Is 171871219 composite?
True
Is 519910943 prime?
True
Is 268271 a prime number?
True
Is 2540743 prime?
True
Is 9656321 a composite number?
False
Is 6860789 composite?
True
Is 849519599 prime?
False
Is 4794821 a composite number?
True
Is 2844643 prime?
False
Is 91629361 a prime number?
True
Is 1756163 composite?
True
Is 10856471 a composite number?
False
Is 14979869 composite?
False
Is 14911009 a prime number?
True
Is 24959873 a composite number?
True
Is 3350423 a prime number?
True
Is 15523331 composite?
False
Is 30699069 composite?
True
Is 104622629 a composite number?
False
Is 283644321 a composite number?
True
Is 420114419 prime?
True
Is 35915431 composite?
False
Is 514994663 composite?
True
Is 1553969 composite?
True
Is 1547107 composite?
True
Is 373831 a composite number?
True
Is 66207223 a prime number?
True
Is 77257 a prime number?
False
Is 2569685 a composite number?
True
Is 1753438 a prime number?
False
Is 56909029 prime?
True
Is 1759919 prime?
False
Is 191930171 a composite number?
False
Is 128171 prime?
False
Is 14233963 composite?
True
Is 26752069 composite?
False
Is 6838523 a composite number?
False
Is 21570463 a composite number?
False
Is 61752077 composite?
False
Is 19900123 a composite number?
False
Is 395741 composite?
False
Is 205914367 prime?
True
Is 517117903 prime?
True
Is 1408349 a prime number?
True
Is 7132054 composite?
True
Is 258512773 a composite number?
False
Is 5473099 composite?
True
Is 16301689 a composite number?
False
Is 51920249 prime?
True
Is 139945021 a prime number?
False
Is 98960665 a prime number?
False
Is 183750953 a composite number?
False
Is 3362009 a prime number?
False
Is 2030459 prime?
True
Is 11557193 a composite number?
True
Is 2154521 a composite number?
True
Is 4015303 composite?
False
Is 15236971 a prime number?
False
Is 28496362 composite?
True
Is 13835693 a prime number?
False
Is 7029727 a composite number?
True
Is 1960027 a prime number?
False
Is 1037293 prime?
True
Is 143215819 prime?
True
Is 13188121 prime?
True
Is 22038451 a prime number?
True
Is 341103211 prime?
True
Is 21414793 a composite number?
False
Is 441204799 composite?
True
Is 41514929 prime?
True
Is 15099943 composite?
False
Is 14925769 a prime number?
False
Is 2127607 composite?
False
Is 73538849 a composite number?
False
Is 12765787 prime?
True
Is 394481 a prime number?
True
Is 219481489 composite?
False
Is 3236621 a prime number?
True
Is 240795539 a prime number?
True
Is 244087 a composite number?
False
Is 122818823 prime?
False
Is 20976751 a prime number?
True
Is 378395 a composite number?
True
Is 450621667 prime?
True
Is 42408967 a prime number?
False
Is 4378181 a prime number?
True
Is 4408903 prime?
True
Is 563327 a prime number?
True
Is 385635521 a composite number?
False
Is 1505441 prime?
False
Is 1051139 prime?
True
Is 1969979 prime?
False
Is 7050271 prime?
True
Is 37352267 a composite number?
False
Is 15506237 a prime number?
False
Is 406859 a composite number?
False
Is 2538269 a composite number?
True
Is 631187103 a composite number?
True
Is 1810309 a prime number?
True
Is 100379551 prime?
True
Is 2876387 a composite number?
False
Is 32875141 a composite number?
True
Is 292899993 composite?
True
Is 11470607 a prime number?
True
Is 238627 a composite number?
False
Is 9988349 composite?
True
Is 4985051 a prime number?
True
Is 8308343 a prime number?
True
Is 285421393 prime?
False
Is 1594783 a composite number?
False
Is 43698565 prime?
False
Is 41579 a composit